= 16*t**2 - 27*t - 131. Calculate the remainder when i(-6) is divided by 21.
19
Suppose 2 = -5*z + 22. Suppose 0 = -z*c + 12 + 36. Let x = 15 - c. Calculate the remainder when 7 is divided by x.
1
Suppose 129*j = 121*j + 256. Calculate the remainder when 191 is divided by j.
31
Suppose -5*b = -476 + 226. What is the remainder when b is divided by 18?
14
Let p(u) = -u**3 + 20*u**2 + 71*u - 38. What is the remainder when p(18) is divided by 30?
28
Let h = 23 - 16. Suppose -h*z - 11 = t - 2*z, 3*t - 5*z = 27. Suppose 0*n = t*n - 64. Calculate the remainder when n is divided by 9.
7
Calculate the remainder when 24 is divided by 36 + -32 + (0 - 7) - -5.
0
Let o = -47 - -138. Suppose 2*n - 4*n + 2 = 0. What is the remainder when o is divided by (-1)/(n/2) + 25?
22
Suppose -8*g + 75 = -7*g. Suppose -3*s + 3*y + 30 = -120, 3*y = -2*s + g. Let t = s + -33. Calculate the remainder when 69 is divided by t.
9
Let d = -51 + 78. Let k = 2588 + -2572. Calculate the remainder when d is divided by k.
11
Suppose -37*a - 496 = -3530. What is the remainder when a is divided by 16?
2
Let k(v) = v**2 + 19*v + 17. What is the remainder when 351 is divided by k(-19)?
11
Suppose 2*l = -5*x + 17, 3*l + 2*x - 16 = 4*x. Let y(u) = -u + 3. Let f be -1*(0/4)/(-3). What is the remainder when l is divided by y(f)?
0
What is the remainder when 445 is divided by -18*(6/15)/(96/(-600))?
40
Suppose 89 = 137*n - 134*n - 286. Suppose -7*d = -2*d - 80. What is the remainder when n is divided by d?
13
Calculate the remainder when (6/(-4))/(4 + (-164)/40) is divided by 6.
3
Let x be (-4)/10 + 1551/15. Suppose 4*b - x - 65 = 0. Calculate the remainder when b is divided by 16.
10
Let w = -5 + 11. Let h(q) be the second derivative of q**5/20 - q**4/3 - 4*q**3/3 - 4*q + 2. What is the remainder when 68 is divided by h(w)?
20
Let d(z) = -z**2 + 9*z - 10. Suppose 19 + 361 = -5*h. Let o = -37 - h. Calculate the remainder when o is divided by d(3).
7
Suppose -4*s + 9 = -2*c + 27, 0 = c + 3*s - 9. Let j = -21 + c. What is the remainder when 45 is divided by j*4*(-2)/6?
13
Suppose -5*m + 114 = -4*c, -5*m = -m + 4*c - 84. What is the remainder when 69 is divided by m?
3
Let v(a) = 1. Let o(p) = 2*p + 40. Let z(k) = o(k) - 4*v(k). What is the remainder when z(-13) is divided by 7?
3
Suppose 46*o = 24*o + 5764. Calculate the remainder when o is divided by 11.
9
Let b = 1114 - 1100. What is the remainder when b is divided by 9?
5
Calculate the remainder when (-64)/4*(-4 + 0) is divided by 20.
4
Suppose 0*t + 5*j + 36 = 2*t, 2*t + 3*j = 4. Suppose -39*o - 13*o - 50*o + 714 = 0. Calculate the remainder when t is divided by o.
1
Let v(i) = i**2 + 4*i - 15. Suppose -o - 2*o - 78 = -2*z, -o - 182 = -5*z. Suppose -z = -l - 2*l. Calculate the remainder when v(6) is divided by l.
9
Suppose 96 = 254*p - 248*p. Calculate the remainder when 62 is divided by p.
14
Suppose 3*c - 12 = 0, 3*g + 3*c = -13 + 73. What is the remainder when 69 is divided by g?
5
Suppose 3 = -5*c + 28. Suppose 5*a - c*h = -2*h + 107, 41 = 3*a + 4*h. Calculate the remainder when 55 is divided by a.
17
Let m(g) = g**3 - 2*g**2 - 5*g - 5. Let v be m(4). Suppose v*k - k = 486. Calculate the remainder when k is divided by 42.
39
Let w = 42 + -25. What is the remainder when (-16)/((-16)/4) - -27 is divided by w?
14
Suppose -43*i + 528 = -246. Calculate the remainder when 390 is divided by i.
12
Suppose -5*l + 5*s = -345, -2*s + 240 - 23 = 3*l. Calculate the remainder when l is divided by 19.
14
Suppose -5*k + 5*i - 2 = 8, -i + 8 = k. What is the remainder when 1290/24 + k/12 is divided by 14?
12
Suppose -39 = 3*h - 3*r, 0 = h + 2*h + 3*r + 27. Suppose x + 0*x = -5*v + 73, 85 = 5*v - 5*x. Let s = v + h. What is the remainder when 5 is divided by s?
1
Suppose 4*h = -9 + 49. Let m be 7*h/35*13. Suppose -m*q - 25 = -31*q. What is the remainder when 27 is divided by q?
2
Let z(j) = j**2 + 8*j - 6. Let x be z(-9). Suppose x*y + 2 - 134 = 0. Calculate the remainder when y is divided by 16.
12
Suppose 212 = -2*o + 4*o. Let x(r) = -345*r + 2451. Calculate the remainder when o is divided by x(7).
34
Suppose -23*a + 55 = -12*a. Suppose 0 = -3*q - a*b + 157, -2*q - 6*b + 3*b = -106. What is the remainder when q is divided by (-2)/(-3) - (-68)/6?
11
Let o = 210 + -158. Calculate the remainder when (-8 - (-1 + 1))*(-975)/o is divided by 51.
48
Suppose -16*d + 120 = -14*d. What is the remainder when 177 is divided by d?
57
Let x = -8 - -11. Suppose -10 - 8 = -x*b. What is the remainder when (b/4)/(3/62) is divided by 16?
15
Suppose f + 4 = 6. Suppose 0*o - 3*o = f*h - 22, o - h = -1. What is the remainder when 4 is divided by o?
0
Let o(g) = -g**3 - 15*g**2 + 35*g + 10. Let w be o(-17). Let x(r) = -2*r**2 - 14*r + 5. What is the remainder when x(w) is divided by 4?
1
Let m = -184 - -261. Calculate the remainder when m is divided by (-6 - -2)*(-9 - (-12)/3).
17
Let d = 1 + 1. Suppose -32*m + 40 = -27*m. Suppose -l = -m*l + 14. What is the remainder when l is divided by d?
0
Let m = -17 - -21. Calculate the remainder when 5/20 - (-75)/m is divided by (-2 + (-8)/(-6))*-15.
9
Let u(q) = -q + 12. Let m be u(0). Calculate the remainder when 4 + -1 + 1 + m is divided by 10.
6
Suppose -3 = 3*f - 0, 0 = -v + 2*f - 9. Let p = v - -20. Suppose 99 = 4*w - 33. What is the remainder when w is divided by p?
6
Suppose 4*p = 5*t + 66, 123 - 36 = 5*p - 4*t. Let i be 3 + 4 + -4 + 1. Let l(z) = 2*z**2 + 5*z + 3. What is the remainder when l(i) is divided by p?
17
Let l = 794 + -493. Calculate the remainder when 51 is divided by l/21 + (-2)/6.
9
Let c(d) = -2*d + 1. What is the remainder when 13/(-1) - -8 - -29 is divided by c(-4)?
6
Let p(u) = u**2 + 5*u - 44. What is the remainder when 12 is divided by p(-10)?
0
Suppose 0*t - 2*t + 2*r + 36 = 0, 3*r = -3*t + 30. What is the remainder when 145 is divided by (-1)/(-7) + 516/t?
34
Let j = -3 + -39. Let f = j + 76. What is the remainder when f is divided by 13?
8
Let u(y) = -2*y**2 - 10*y + 74. What is the remainder when 5 is divided by u(-9)?
1
Let f = 2049 + -1460. Calculate the remainder when f is divided by 8.
5
Let v = 210 - 70. What is the remainder when v is divided by 28?
0
What is the remainder when 69 is divided by (-25)/(-3)*((-120)/10)/(-4)?
19
Suppose 12 = v + 32. Let i = v + 22. What is the remainder when 33 + ((-6)/i - -7) is divided by 13?
11
Suppose 7*q + y - 15 = 4*q, -25 = -5*q - 4*y. Calculate the remainder when 12 is divided by q.
2
Let r(h) = 28*h - 25. Let m(q) = -q**3 - 4*q**2 + 7. Let t be m(-4). Calculate the remainder when r(t) is divided by 29.
26
Let f = 634 - 629. Suppose 0*t + 5*t - 65 = 0. Suppose -4 = -y + t. What is the remainder when y is divided by f?
2
Let a = 127 + 212. Calculate the remainder when a is divided by 11.
9
Suppose 2*w + 2 = 0, 8*d - 3*d = 5*w - 635. Let a = d - -140. What is the remainder when 133/3 - (-4)/6 is divided by a?
9
Suppose -4*g - 97 = -j, j + 3*g + 0*g - 118 = 0. Suppose 3*v + 2*p = 95, -5*p - j = v - 4*v. What is the remainder when v is divided by 2*5 - 4/4?
6
Suppose 5797 = -46*w + 77*w. Calculate the remainder when w is divided by 19.
16
Suppose 5*g + l = -28 + 320, 52 = g - 3*l. What is the remainder when 110 is divided by g?
52
Let l = -106 + 125. What is the remainder when l is divided by (-24)/(-2) + 1/(-1)?
8
Suppose 0 = 5*p - 4*i - 8384, 26*p + 3349 = 28*p + 3*i. What is the remainder when p is divided by 16?
12
Suppose -5*t + 25 = -5*w, -4*t - 10*w + 13 = -7*w. Calculate the remainder when 27 is divided by t.
3
Let t(g) = 12*g + 71. What is the remainder when t(-2) is divided by 5?
2
Suppose 69 = 4*z + 2*u - 21, 0 = 3*z + u - 69. Let n(t) be the first derivative of 2*t**3 + t**2/2 + t + 2. What is the remainder when n(-4) is divided by z?
21
Let d(a) = 3*a**2 + 28*a + 20. Let s(b) = -4*b**2 - 1. Let h be s(1). Let o(p) = -2*p - 4. Calculate the remainder when d(-9) is divided by o(h).
5
Let j = -67 + 274. What is the remainder when j is divided by 30?
27
Suppose -5*b + 11*b = -5*b. Let v(f) = -2*f - 3*f + 8 + 4*f. What is the remainder when 14 is divided by v(b)?
6
Let b = 117 + -32. What is the remainder when b is divided by 30?
25
Calculate the remainder when (-4 + 26/6 + 0)*177 is divided by (-26)/(0 - 2) + 2.
14
Let w = 574 - 557. Let t(d) = -20